{"id":57,"date":"2019-05-10T14:27:58","date_gmt":"2019-05-10T12:27:58","guid":{"rendered":"http:\/\/localhost\/gym\/?page_id=57"},"modified":"2023-07-01T14:32:38","modified_gmt":"2023-07-01T12:32:38","slug":"bodyzen","status":"publish","type":"page","link":"http:\/\/tudagbi.cluster028.hosting.ovh.net\/?page_id=57","title":{"rendered":"Bodyzen"},"content":{"rendered":"<p>Le BODY ZEN permet de s\u2019\u00e9tirer, de se rel\u00e2cher, de se relaxer tout en am\u00e9liorant la tonicit\u00e9 g\u00e9n\u00e9rale du corps.<\/p>\n<p>Le Body Zen est inspir\u00e9 des gym douces du monde et d\u2019une combinaison de disciplines : qi gong, gym dans\u00e9e, yoga, pilates\u2026<\/p>\n<p>Les exercices, inspir\u00e9s de la m\u00e9thode feldenkrais, sont bas\u00e9s sur un travail de concentration dans les postures d\u2019\u00e9quilibre, d&#8217;\u00e9tirements, et sur un renforcement des muscles profonds.<\/p>\n<p>Douceur, prise de conscience du corps, am\u00e9lioration de ses tensions musculaires, des mauvaises postures,&nbsp;relaxation profonde,&nbsp;ces mots r\u00e9sument bien le body zen.<\/p>\n<p>Accompagn\u00e9e d\u2019une musique apais\u00e9e, la s\u00e9ance, d&#8217;une dur\u00e9e d&#8217;une heure, se termine dans la d\u00e9tente, le rel\u00e2chement et la relaxation.<\/p>\n","protected":false},"excerpt":{"rendered":"<p>Le BODY ZEN permet de s\u2019\u00e9tirer, de se rel\u00e2cher, de se relaxer tout en am\u00e9liorant la tonicit\u00e9 g\u00e9n\u00e9rale du corps. Le Body Zen est inspir\u00e9 des gym douces du monde et d\u2019une combinaison de disciplines : qi gong, gym dans\u00e9e, &hellip; <a href=\"http:\/\/tudagbi.cluster028.hosting.ovh.net\/?page_id=57\">Continuer la lecture <span class=\"meta-nav\">&rarr;<\/span><\/a><\/p>\n","protected":false},"author":1,"featured_media":0,"parent":0,"menu_order":0,"comment_status":"closed","ping_status":"closed","template":"","meta":{"ngg_post_thumbnail":0,"footnotes":""},"class_list":["post-57","page","type-page","status-publish","hentry"],"jetpack_sharing_enabled":true,"_links":{"self":[{"href":"http:\/\/tudagbi.cluster028.hosting.ovh.net\/index.php?rest_route=\/wp\/v2\/pages\/57","targetHints":{"allow":["GET"]}}],"collection":[{"href":"http:\/\/tudagbi.cluster028.hosting.ovh.net\/index.php?rest_route=\/wp\/v2\/pages"}],"about":[{"href":"http:\/\/tudagbi.cluster028.hosting.ovh.net\/index.php?rest_route=\/wp\/v2\/types\/page"}],"author":[{"embeddable":true,"href":"http:\/\/tudagbi.cluster028.hosting.ovh.net\/index.php?rest_route=\/wp\/v2\/users\/1"}],"replies":[{"embeddable":true,"href":"http:\/\/tudagbi.cluster028.hosting.ovh.net\/index.php?rest_route=%2Fwp%2Fv2%2Fcomments&post=57"}],"version-history":[{"count":4,"href":"http:\/\/tudagbi.cluster028.hosting.ovh.net\/index.php?rest_route=\/wp\/v2\/pages\/57\/revisions"}],"predecessor-version":[{"id":2202,"href":"http:\/\/tudagbi.cluster028.hosting.ovh.net\/index.php?rest_route=\/wp\/v2\/pages\/57\/revisions\/2202"}],"wp:attachment":[{"href":"http:\/\/tudagbi.cluster028.hosting.ovh.net\/index.php?rest_route=%2Fwp%2Fv2%2Fmedia&parent=57"}],"curies":[{"name":"wp","href":"https:\/\/api.w.org\/{rel}","templated":true}]}}